t h(q) be the first derivative of -q**4/4 - 16*q**3/3 - 7*q**2 + 9*q - 1374. Give h(-15).
-6
Let q(o) be the first derivative of 2*o**4 - 1/3*o**3 + 17 + 0*o - o**2. Give q(-1).
-7
Let n(d) be the first derivative of 13*d + 1/2*d**2 - 61. Let f be (-2 + 3)*-3 - 6/(-2). What is n(f)?
13
Let a = -2328 + 2320. Let c(t) = 4*t + 15. Let n(s) = -7*s - 30. Let q(w) = -5*c(w) - 3*n(w). Give q(a).
7
Let t(x) = -45*x**2 + 227*x - 6. Let u be t(5). Let s(c) = c - 5. Give s(u).
-1
Let y(s) = 4*s**3 + 0*s**2 - 3*s**3 + s**2 - 2*s. Suppose 2*l - 5*w = -3*l + 15, -2*w - 20 = 5*l. Let k be l/15 - 192/(-90). What is y(k)?
8
Let c(y) be the third derivative of -y**6/120 + y**5/60 + y**4/24 - 3*y**3 - 59*y**2 - 2. Let o be 0/(0 + -3 + 4). Determine c(o).
-18
Let l(j) = 6*j - 26. Let r(y) = -4*y**2 + 97*y - 331. Let t be r(20). Calculate l(t).
28
Let a(k) be the first derivative of -k**4/4 - 4*k**3/3 - 3*k**2/2 - 3*k + 1. Let w(c) = -1033*c - 15498. Let m be w(-15). Calculate a(m).
-3
Suppose 0 = l - n - n + 8, -4*l - 3*n = -23. Suppose -l*u - 21 = 5*u. Let f(q) = -9*q + 2*q**3 + 8*q - 4 + 4*q**2 - q. Give f(u).
-16
Let t(d) = -d**2 + 2*d - 2. Let z be t(3). Let a(j) = j**3 + 9*j**2 + 5*j + 31. Let q(h) = h**2 + 2*h + 6. Let g(u) = a(u) - 5*q(u). Determine g(z).
1
Let p = 2639 - 2643. Let g(z) = -10*z - 5. Determine g(p).
35
Let f(g) = g - 1. Let h(a) = -a**3 + 7*a**2 + 7*a + 8. Let k(u) = -f(u) + h(u). Let z = -45 - -53. What is k(z)?
-7
Let l = 90 + -93. Let t be ((-5)/l)/(7 - (-222)/(-36)). Let o(s) = 9*s**2 - s**3 - 6*s**2 + s - 2*s + 31 - t*s**2. Calculate o(0).
31
Let m(c) = -57*c**2 + 26*c + 59. Let s(k) = 29*k**2 - 14*k - 32. Let r(o) = -6*m(o) - 11*s(o). What is r(-1)?
23
Let q(r) = r**2 - r - 17. Let x = 108 - 111. Let n(k) = -5*k + 48. Let t(m) = -1. Let b(u) = x*t(u) - n(u). Let p be b(9). What is q(p)?
-17
Let i be (-2)/(-5) + 40/25. Let k(q) = -1 - q - i*q**2 - q**2 - 2*q**2 - q**2. Let o(s) = s**3 - 50*s**2 - 47*s - 205. Let w be o(51). Calculate k(w).
-6
Let j(a) = -6*a - 10. Let o(s) = -5*s - 9. Let c(i) = -6*j(i) + 7*o(i). Let d = 315 - 311. Suppose 9*q + 19 = 5*m + 10*q, 0 = d*m + q - 16. Determine c(m).
0
Suppose -4*t = -p - 700 + 719, 0 = -4*p - 4*t + 76. Let b(c) = -13*c + 236. Calculate b(p).
-11
Let v = -3155 + 3146. Let h(r) = -r**3 - 9*r**2 + 6*r + 51. Determine h(v).
-3
Let r(i) = i**2 + 5*i - 1. Suppose -33*c = -28*c - 85. Suppose -39 + 107 = -c*z. Calculate r(z).
-5
Let v = 745 - 744. Suppose 0 = g - v, 5*s - 2*g = -3 + 1. Let d(u) = -3*u + 5. Calculate d(s).
5
Let b(k) be the third derivative of -k**4/12 - 11*k**3/6 + 5*k**2. Let u be (-7)/(-6) + 9/(-54) - 111. Let d = u + 102. Determine b(d).
5
Suppose 3*w = -4*z + 42, -2*z = w + 1 - 17. Suppose w = -4*y + 6*y. Suppose y*i = -0*p + p + 14, -4*p + 3*i - 5 = 0. Let b(c) = -6*c + 1. Determine b(p).
-5
Let s(a) be the first derivative of -a**2/2 - 19*a - 7. Let f = 14616 - 14631. Determine s(f).
-4
Let a be (-1442)/(-3605) - (6/(-5) + (-3)/(-5)). Let k(n) = n**2. Let d(u) = -24*u**2. Let z(q) = -d(q) + 4*k(q). What is z(a)?
28
Let w(j) = -j**2 - 8*j - 4. Let g be ((-2)/((6 - -2)/4))/(-1). Suppose 6*c - 41 = g. Let k(q) = -q**2 + 7*q - 7. Let u be k(c). Calculate w(u).
3
Suppose 31*i = 585 + 624. Suppose 16*o = 13*o - 3*r + 30, -4*o + i = 3*r. Let m(x) = -x + 7. Give m(o).
-2
Let x(n) = -3*n + 54 - 23 - 12 - 19. Let a = -21 + 29. Let s = a - 7. What is x(s)?
-3
Let r(u) = u**3 - 5*u**2 + 6*u - 11. Suppose -19*j = -22*j + 3*n - 276, 0 = -j + 3*n - 96. Let d be j/(-22) + (-3)/33. What is r(d)?
-3
Let n = 187 + -184. Let l(f) = -1 - f**2 - f + 182*f**3 - 90*f**n - 83*f**3. Determine l(-1).
-10
Let o(b) = -7*b**2 - 21*b + 61. Let v(k) = -3*k**2 - 11*k + 30. Let t(j) = 6*o(j) - 13*v(j). Let i be t(5). Let q(m) = m**2 + 13*m - 8. Determine q(i).
6
Let a be 5/10*5*18/5. Let y(x) = -x**2 + 9*x + 4. Let v be y(a). Let w(j) = -2*j - 1. What is w(v)?
-9
Let y(t) be the first derivative of 9*t**2/2 - 39*t - 99. Let z(g) = -2*g + 8. Let u(h) = -5*y(h) - 24*z(h). What is u(6)?
21
Let v be (156/15)/(-4) + 16/(-40). Let k(h) = 2*h - 21 + 51 - 27. Let p(c) = c + 1. Let f(n) = -k(n) + 4*p(n). Calculate f(v).
-5
Let g(d) = -5*d - 2. Let b be (-15)/(3 + -6) + -4. Let l be (-7)/8 + b - (-17)/(-8). What is g(l)?
8
Let t(k) = 2*k - 159. Let w(l) = l - 105. Let s(d) = 5*t(d) - 8*w(d). Let h be s(-20). Let u(g) = 2*g - 4. Give u(h).
6
Suppose 5*x = v - 20, 0*v = v - 2*x - 20. Let j = 48 - v. Suppose 3*z - 40 + j = 0. Let r(s) = s**3 - 3*s**2 + 2*s + 1. What is r(z)?
25
Let j(a) be the second derivative of -7*a**3/3 - 79*a**2/2 - 199*a. Calculate j(-6).
5
Suppose -2*j + 2*u + 36 = 0, 0*j + 4*u - 33 = -3*j. Suppose 30 + j = 5*z. Let m = z - 13. Let q(s) = -4*s - 1. Calculate q(m).
15
Let n(r) = r**2 + 5*r + 5. Let m = 172 - 178. Let h be -9 + (m - -7)*6. What is n(h)?
-1
Let z be 3/(9/15) + (-2)/4*10. Let l(x) = -x**3 - x - 5. Determine l(z).
-5
Let o(f) = -33*f - f**2 + 2 + 2*f**2 + 53*f - 19*f. Give o(4).
22
Let r(a) = 3*a**2 - 3*a - 2. Let m(j) = -11*j**2 + 20*j + 35. Let c(h) = -m(h) - 4*r(h). Calculate c(-8).
-27
Let u be (0 - 3)*(-1)/(-3). Let b = -301 + 298. Let d be (-8 + (-3 - b)/(-3))*u. Let l(a) = -a**3 + 8*a**2 - 7. Determine l(d).
-7
Let p(h) be the second derivative of 2*h**3/3 + h**2/2 - 23016*h. Let k(n) = -n**3 - 6*n**2 + n + 8. Let m be k(-6). Calculate p(m).
9
Let o(v) = 4*v + 41. Let z(q) = 15*q + 164. Let r(p) = 9*o(p) - 2*z(p). Let i be r(-6). Let a(f) = -10 + 0 + 8 + 4*f. Calculate a(i).
18
Let l(b) be the third derivative of -b**9/30240 - b**8/10080 - b**6/180 + 51*b**5/20 + 5*b**2 + 19. Let w(q) be the third derivative of l(q). Calculate w(-3).
32
Let w(s) = -12*s**2 - 2*s - 4. Let r(b) = 1065*b + 6388. Let o be r(-6). Calculate w(o).
-48
Let v(c) be the second derivative of 2*c**3/3 - 20*c**2 + 165*c. Give v(8).
-8
Let l(y) = -y**2 - 8*y + 12. Let c(o) = 2*o**3 - 3*o**2 + 3*o - 1. Let s be c(1). Let v be (-49)/(-42) - s*2/12. Let r be -6 - v/(1 + 8/(-12)). Determine l(r).
3
Let a = -441 - -442. Suppose f = -4*v - 15, 0*v - v = 5*f - 20. Let i(s) = -s + 1 + a - 1 - f. What is i(-7)?
3
Suppose -2*v = 2*v + 5*r - 7, 0 = -3*v + 5*r - 21. Let n be v/(-6) - (47/(-3) - -10). Let a(f) = -f**3 + 7*f**2 - 5*f - 3. Determine a(n).
3
Let c(t) be the second derivative of t**5/20 - t**4 - 2*t**3 + 9*t**2/2 + 3209*t. What is c(13)?
22
Let c(p) = -2*p + 2. Let z be ((-22)/8*-2)/(10/60). Suppose -z*l - 14 = -26*l. Let i be 4/12*14 - l/(-3). Give c(i).
-6
Let y(l) be the first derivative of l**4/12 + 2*l**3 - 2*l**2 - 111*l - 119. Let i(c) be the first derivative of y(c). Give i(-12).
-4
Let n(b) = 10*b - 17. Suppose 0 = -0*c + 4*c + 16, -2*p + c = -20. Determine n(p).
63
Let d(g) = -6*g**2 + 7*g - 9. Let m(k) = 7*k**2 - 8*k + 10. Let j(s) = -6*d(s) - 5*m(s). Let v be 6 - (15 + (-8 - 3)). Give j(v).
4
Let x(h) = 2*h**3 + 15*h**2 - 9*h + 1. Let n be x(-8). Suppose -2*u + 4*o - 16 = n*o, o = -4*u + 4. Let i(b) = 0 + 3 - 7*b - 4 + b**u + 6. Give i(6).
-1
Let w(n) = -n**2 + 2*n - 4. Let q = 115 - 110. Suppose 4*k = q*x - 13, 9*k - 12 = 5*k. Determine w(x).
-19
Let o = -1932 + 3419. Let i(q) = -738 - 3*q - 745 + o. What is i(-3)?
13
Let y be (-14 - -5)*(-16)/(-32)*(-16)/(-12). Let b(g) be the first derivative of -g**2 + 4*g - 2. What is b(y)?
16
Let o(z) be the first derivative of -z**4/4 + z**3 + 5*z**2/2 + 2*z + 123. Suppose 0 = -6*g + 4*g. Suppose -5*w + w + 16 = g. Give o(w).
6
Let i(x) = -7*x + 5. Let r(t) = -5*t + 3. Let d(v) = 3*i(v) - 4*r(v). Suppose -3*l - 2 = 13. Let u be 3*l*(-5)/(-15). Calculate d(u).
8
Suppose 2*o - 8 = l, 4 = -3*l + 4*o - 12. Suppose 8*r - 38 - 26 = l. Let y(w) = 7*w - 14. Let j(f) = f - 1. Let x(u) = -6*j(u) + y(u). Determine x(r).
0
Let q = 29 - 25. Suppose 0 = q*b + 7 - 23, 0 = t + 3*b - 22. Let r(l) = -l**3 + 10*l**2 - 3*l + 10. What is r(t)?
-20
Let a(y) = y**3 - 12*y**2 - 12*y - 19. Let p(s) = -s + 7. Let r be p(4). Suppose 0 = -r*z - d + 35, -4*z + 2*z + 30 = -d. Give a(z).
-6
Let t(l) = -l**2 - 8*l + 23. Suppose d = 2*a + 13, 3*d = 4*a + 14 + 11. Give t(a).
30
Let d(g) = -2*g + 14*g**2 - 29*g**2 + 3*g + 12*g**2 + 12*g**2. Suppose 4 = -o + 5. Calculate d(o).
10
Suppose 3*f - 24 = -0*f. Let d(o) be the second derivative of o**5/20 - 2*o**4/3 + o**3/3 + o**2 - 19602*o. C